31111032030213 - 10?
31111032030203
In base 16, what is -1 + 107cab?
107caa
In base 5, what is 33 + 30213321?
30213404
In base 2, what is 10101100110000101100001100 - 10?
10101100110000101100001010
In base 10, what is -97 - -514318?
514221
In base 3, what is -10112000201200102 - 21?
-10112000201200200
In base 8, what is -20 - -306372434?
306372414
In base 6, what is -54325 + 50342?
-3543
In base 15, what is -9 - c55e1?
-c55ea
In base 4, what is 2210033 + -10321?
2133112
In base 3, what is -12010001 - 110120110?
-122200111
In base 10, what is 4 - 2926919?
-2926915
In base 10, what is -3323 + -3281?
-6604
In base 13, what is -5 - 8041120?
-8041125
In base 10, what is 34114 - -594?
34708
In base 14, what is 6bb64c0 - 6?
6bb64b8
In base 13, what is -222c - -24132?
21c03
In base 13, what is 302994b - 32?
3029919
In base 4, what is 213220 - 33232301?
-33013021
In base 14, what is -57 + 473896?
47383d
In base 11, what is -aa71965 - -3?
-aa71962
In base 9, what is -3217 - -28181?
24863
In base 14, what is -124 - 1944c?
-19572
In base 15, what is -1916 + -1c24?
-363a
In base 15, what is 0 + 1dce04?
1dce04
In base 3, what is 21 - -200210120210011?
200210120210102
In base 11, what is 2537540 + 1?
2537541
In base 8, what is 1676466 - -473?
1677161
In base 6, what is -21520254210 - 0?
-21520254210
In base 2, what is -101101011011111010000001010 + -1?
-101101011011111010000001011
In base 8, what is -22 + -12722410?
-12722432
In base 16, what is -9 - 42efb1?
-42efba
In base 8, what is -6 - 125660436?
-125660444
In base 10, what is 8 - 504461?
-504453
In base 6, what is 21041 + -1043144?
-1022103
In base 6, what is 5 - -103411342?
103411351
In base 8, what is -32 - 260446266?
-260446320
In base 9, what is -402744 + -1325?
-404170
In base 7, what is -26012110 - 12?
-26012122
In base 9, what is 1440848 - 1582?
1438256
In base 7, what is 4 - 20655051?
-20655044
In base 16, what is -15c - fd9?
-1135
In base 12, what is -479 + 32768?
322ab
In base 5, what is 131241 - -1204?
133000
In base 14, what is -3 - 7188b7a?
-7188b7d
In base 10, what is 762 + -6881?
-6119
In base 15, what is 92edc7 - -9?
92edd1
In base 6, what is -1411252413 - 1?
-1411252414
In base 10, what is -18770 + -28025?
-46795
In base 10, what is 631084621 - -1?
631084622
In base 5, what is -12213 + 133201?
120433
In base 6, what is 253142041 - 1?
253142040
In base 7, what is -144321 + 52?
-144236
In base 9, what is 1154 - 420336?
-418172
In base 13, what is 7 + -314a0c1?
-314a0b7
In base 13, what is 14143 - -205?
14348
In base 15, what is -79c - 1832?
-20ce
In base 3, what is -100 + 202200210211?
202200210111
In base 15, what is -49b218 + -7?
-49b220
In base 3, what is -200 - 101010001200122?
-101010001201022
In base 10, what is -36 + 36987?
36951
In base 11, what is -1344764 - -15?
-134474a
In base 9, what is 125057 + 1841?
127008
In base 11, what is 413 - -6305?
6718
In base 12, what is 0 + 1449537?
1449537
In base 5, what is -443 + -3020143?
-3021141
In base 7, what is 2 - -35065354?
35065356
In base 11, what is 3 - -2025635?
2025638
In base 3, what is -11001201110210221 - 10?
-11001201110211001
In base 11, what is 132888631 + -2?
13288862a
In base 4, what is 2 - -111000131?
111000133
In base 15, what is 1772333 + -5?
177232d
In base 8, what is 41 - -545110?
545151
In base 15, what is -1a1 - -17be6?
17a45
In base 4, what is 23 - 11321103110?
-11321103021
In base 3, what is 112122111211002 + 0?
112122111211002
In base 5, what is 2 + 314123422?
314123424
In base 12, what is 23 - -bb126?
bb149
In base 6, what is -555 - -21141355?
21140400
In base 2, what is 10000 - -1101110100101010100011110?
1101110100101010100101110
In base 14, what is 1d + 415056?
415075
In base 7, what is 456516145 + 3?
456516151
In base 9, what is 6026 - 213836?
-206810
In base 14, what is -cdb0 - 15?
-cdc5
In base 16, what is 3 - 36aafd0?
-36aafcd
In base 11, what is 46 - -196856?
1968a1
In base 15, what is c59 - e03?
-199
In base 13, what is -221c24c - -17?
-221c235
In base 16, what is -918cfd + 46?
-918cb7
In base 7, what is -22532 - 132511?
-155343
In base 16, what is 0 - -b31c8c?
b31c8c
In base 13, what is 23 - -59aa92?
59aab5
In base 11, what is 80 + 663317?
663397
In base 14, what is 0 + -768509?
-768509
In base 14, what is -29b49a5 - 4?
-29b49a9
In base 9, what is 106665 + -145?
106520
In base 5, what is 0 + -3233220101?
-3233220101
In base 8, what is -5422 - -37131?
31507
In base 4, what is -1022 + -1133311?
-1200333
In base 15, what is 13a67 - a5b?
1300b
In base 2, what is -1100 - 10010001011111110?
-10010001100001010
In base 2, what is 1111 - 101111010001?
-101111000010
In base 8, what is 121135 - 3304?
115631
In base 13, what is -17 - -1a7b9a7?
1a7b990
In base 9, what is 640078 - 101?
638877
In base 5, what is 0 + 303443121311?
303443121311
In base 12, what is -93b311b7 - -3?
-93b311b4
In base 8, what is -2 - 27230162?
-27230164
In base 11, what is 12 - -10093a2?
1009404
In base 16, what is 2cb4 + 3f7?
30ab
In base 14, what is 5 + 19c54d9?
19c5500
In base 5, what is -1400432 - -102223?
-1243204
In base 9, what is -2 - -7581052?
7581050
In base 12, what is -6518 + -20b?
-6727
In base 11, what is 43747 + 954?
445a0
In base 9, what is 1 + -3047758?
-3047757
In base 5, what is 23 - 3024230?
-3024202
In base 16, what is -10 + c1bc6?
c1bb6
In base 8, what is -4557 - 22000?
-26557
In base 16, what is 52c - -a7d2?
acfe
In base 5, what is -3443 - 102003?
-111001
In base 10, what is 9421 - -17050?
26471
In base 10, what is 105141 - -6754?
111895
In base 8, what is -44064 + -6562?
-52646
In base 6, what is 12552330 + 230?
12553000
In base 4, what is 303123210 - -3033?
303132303
In base 11, what is 2 + -41042a6?
-41042a4
In base 10, what is 26 + 469324?
469350
In base 3, what is -1022022211010010 - 1?
-1022022211010011
In base 9, what is -3047152 + 34?
-3047117
In base 3, what is 11022 + 2221122200?
2221210222
In base 14, what is -13841231 - -5?
-1384122a
In base 3, what is -21 - 1110010022012?
-1110010022110
In base 4, what is 23032111 + -212213?
22213232
In base 15, what is -178 - -9650?
94c7
In base 3, what is -101201110100012 + -12?
-101201110100101
In base 16, what is -9 - -222e03?
222dfa
In base 14, what is -2 - 1264427?
-1264429
In base 12, what is -a74572b0 - 5?
-a74572b5
In base 11, what is 0 - 6200a4a?
-6200a4a
In base 10, what is -328 - 103897?
-104225
In base 3, what is 1 - 202011020102201?
-202011020102200
In base 4, what is 10300221333 - 3?
10300221330
In base 15, what is 796550e - 7?
7965507
In base 11, what is 188 + 4799?
4976
In base 6, what is -100 + 3121002?
3120502
In base 15, what is -76b9 + 3a9?
-7310
In base 14, what is 16b784 + -31?
16b753
In base 2, what is 100011001 + 10111100111111011?
10111101100010100
In base 16, what is -2d - 1160b?
-11638
In base 16, what is 1bad + 2b49?
46f6
In base 12, what is -133082b3 + 2?
-133082b1
In base 6, what is -4232 - -340511?
332235
In base 3, what is 2100 - 11111122021?
-11111112221
In base 14, what is 40 - -10ba7a?
10baba
In base 5, what is 433324231 - -4301?
433334032
In base 16, what is 1150 - -3f?
118f
In base 3, what is -11 + 2111121012202020?
2111121012202002
In base 7, what is -12245 - 1464?
-14042
In base 10, what is -2 + 3001946?
3001944
In base 8, what is -30741677 - 6?
-30741705
In base 13, what is 4aa + 16839?
17016
In base 8, what is 352 + 443244?
443616
In base 2, what is -100 - 101111111110100010011011?
-101111111110100010011111
In base 4, what is -11 - -1102302231132?
1102302231121
In base 4, what is 101120 - 2033012?
-1331232
In base 8, what is -3201 + -332?
-3533
In base 15, what is 1 + 22c365?
22c366
In base 15, what is 1192 + -1852?
-6b0
In base 6, what is -113 + 232555?
232442
In base 3, what is -11101221012101 - -10001?
-11101221002100
In base 7, what is -45465332 + 11?
-45465321
In base 12, what is 207961 - 601?
207360
In base 5, what is -134430 - 4014100?
-4204030
In base 7, what is -3112 - 1242433?
-1245545
In base 8, what is -10200 - -4551?
-3427
In base 4, what is 100110 - -3012211?
3112321
In base 5, what is 10023 + 12033014?
12043042
In base 16, what is 5 - -13c86e8?
13c86ed
In base 15, what is c25c17 - 1c?
c25bea
In base 9, what is -3 + 21477076?
21477073
In base 9, what is 1764534 + 708?
1765343
In base 9, what is -3 - -52007842?
5